 the prime factors of 1015133?
7, 20717
List the prime factors of 423093.
3, 11, 12821
List the prime factors of 5812319.
5812319
What are the prime factors of 4728781?
61, 77521
What are the prime factors of 328403?
79, 4157
What are the prime factors of 7066762?
2, 3533381
What are the prime factors of 1108590?
2, 3, 5, 7, 5279
List the prime factors of 3111603.
3, 11, 94291
List the prime factors of 696173.
163, 4271
List the prime factors of 1626625.
5, 7, 11, 13
What are the prime factors of 40824?
2, 3, 7
What are the prime factors of 231794?
2, 23, 5039
List the prime factors of 322099.
17, 18947
List the prime factors of 229901.
7, 32843
What are the prime factors of 2807115?
3, 5, 187141
List the prime factors of 7206527.
37, 194771
What are the prime factors of 1525562?
2, 313, 2437
What are the prime factors of 414607?
414607
What are the prime factors of 3572506?
2, 7, 255179
List the prime factors of 662790.
2, 3, 5, 22093
List the prime factors of 317989.
7, 45427
What are the prime factors of 442661?
599, 739
What are the prime factors of 23736328?
2, 7, 11, 31, 113
List the prime factors of 4459612.
2, 89, 12527
List the prime factors of 1548255.
3, 5, 103217
What are the prime factors of 232375?
5, 11, 13
List the prime factors of 200389.
7, 28627
What are the prime factors of 95530?
2, 5, 41, 233
What are the prime factors of 12855948?
2, 3, 7, 31, 4937
List the prime factors of 22461163.
22461163
List the prime factors of 12790588.
2, 3197647
List the prime factors of 2319562.
2, 7, 23669
What are the prime factors of 31753526?
2, 7, 179, 12671
List the prime factors of 579207.
3, 17, 41, 277
What are the prime factors of 2305586?
2, 1152793
What are the prime factors of 2052786?
2, 3, 342131
List the prime factors of 30449272.
2, 7, 103, 5279
List the prime factors of 5910242.
2, 13, 53, 4289
What are the prime factors of 2315453?
7, 67, 4937
List the prime factors of 1409376.
2, 3, 53, 277
What are the prime factors of 11337892?
2, 2834473
List the prime factors of 258138.
2, 3, 14341
List the prime factors of 5719676.
2, 761, 1879
What are the prime factors of 3010569?
3, 19, 52817
List the prime factors of 2398058.
2, 13, 92233
List the prime factors of 56815.
5, 11, 1033
List the prime factors of 1079648.
2, 33739
List the prime factors of 1672115.
5, 334423
What are the prime factors of 2257335?
3, 5, 23, 727
List the prime factors of 74021.
74021
What are the prime factors of 760124?
2, 190031
List the prime factors of 1319121.
3, 103, 1423
List the prime factors of 1710525.
3, 5, 22807
What are the prime factors of 439949?
439949
List the prime factors of 1363331.
1363331
What are the prime factors of 9181203?
3, 101, 157, 193
List the prime factors of 2656051.
2656051
List the prime factors of 4575235.
5, 7, 37, 3533
List the prime factors of 5068457.
229, 22133
What are the prime factors of 5814503?
43, 135221
List the prime factors of 5445459.
3, 605051
What are the prime factors of 571182?
2, 3, 23, 4139
List the prime factors of 1720178.
2, 860089
List the prime factors of 359091.
3, 17, 2347
What are the prime factors of 3952540?
2, 5, 229, 863
List the prime factors of 254458.
2, 47, 2707
List the prime factors of 4432752.
2, 3, 31, 331
List the prime factors of 110005.
5, 7, 449
List the prime factors of 912752.
2, 57047
What are the prime factors of 780053?
31, 25163
List the prime factors of 332484.
2, 3, 103, 269
What are the prime factors of 3129914?
2, 167, 9371
List the prime factors of 237188.
2, 7, 43, 197
List the prime factors of 11866436.
2, 23, 128983
What are the prime factors of 2377742?
2, 79, 101, 149
List the prime factors of 1106506.
2, 553253
List the prime factors of 14223.
3, 11, 431
List the prime factors of 3427445.
5, 7, 97927
What are the prime factors of 20682164?
2, 113, 45757
What are the prime factors of 22128130?
2, 5, 523, 4231
What are the prime factors of 246715?
5, 7, 19, 53
List the prime factors of 333358.
2, 166679
What are the prime factors of 3293943?
3, 149, 7369
List the prime factors of 242202.
2, 3, 37, 1091
What are the prime factors of 251957?
17, 14821
What are the prime factors of 944890?
2, 5, 61, 1549
What are the prime factors of 5004896?
2, 13, 53, 227
What are the prime factors of 197768?
2, 59, 419
What are the prime factors of 2422625?
5, 19381
What are the prime factors of 1766194?
2, 31, 61, 467
List the prime factors of 439995.
3, 5, 29333
What are the prime factors of 14063789?
14063789
What are the prime factors of 32730672?
2, 3, 13, 52453
What are the prime factors of 1603912?
2, 157, 1277
List the prime factors of 945216.
2, 3, 547
What are the prime factors of 333986?
2, 41, 4073
What are the prime factors of 3346942?
2, 179, 9349
List the prime factors of 1850084.
2, 29, 41, 389
What are the prime factors of 216577?
216577
What are the prime factors of 825473?
11, 101, 743
List the prime factors of 112219.
293, 383
What are the prime factors of 15577368?
2, 3, 311, 2087
What are the prime factors of 2422816?
2, 11, 6883
List the prime factors of 1001492.
2, 109, 2297
List the prime factors of 29969093.
7, 11, 29, 13421
List the prime factors of 983782.
2, 19, 25889
List the prime factors of 1649758.
2, 11, 31, 41, 59
What are the prime factors of 342342?
2, 3, 7, 11, 13, 19
List the prime factors of 280826.
2, 7, 13, 1543
What are the prime factors of 1322530?
2, 5, 11, 1093
What are the prime factors of 10356613?
10356613
List the prime factors of 2394139.
11, 23, 9463
List the prime factors of 687030.
2, 3, 5, 22901
List the prime factors of 639618.
2, 3, 7, 97, 157
List the prime factors of 9178172.
2, 1229, 1867
What are the prime factors of 200726?
2, 100363
List the prime factors of 114183.
3, 4229
List the prime factors of 3792217.
11, 13, 23, 1153
What are the prime factors of 647977?
11, 58907
List the prime factors of 287732.
2, 71933
List the prime factors of 1809940.
2, 5, 11, 19, 433
List the prime factors of 236270.
2, 5, 23627
List the prime factors of 3408604.
2, 852151
List the prime factors of 1270992.
2, 3, 26479
What are the prime factors of 33921?
3, 3769
List the prime factors of 773164.
2, 7, 53, 521
What are the prime factors of 10359233?
947, 10939
List the prime factors of 8100458.
2, 4050229
List the prime factors of 788147.
43, 18329
What are the prime factors of 1684231?
1684231
What are the prime factors of 2085945?
3, 5, 59, 2357
List the prime factors of 5606687.
23, 243769
List the prime factors of 644347.
11, 19, 3083
What are the prime factors of 785341?
785341
What are the prime factors of 259242?
2, 3, 43207
List the prime factors of 2054862.
2, 3, 38053
What are the prime factors of 566469?
3, 113, 557
List the prime factors of 532106.
2, 266053
What are the prime factors of 3100616?
2, 387577
List the prime factors of 230087.
11, 13, 1609
What are the prime factors of 141737?
41, 3457
List the prime factors of 8225029.
8225029
What are the prime factors of 2547095?
5, 317, 1607
What are the prime factors of 121159?
17, 7127
What are the prime factors of 16393881?
3, 7, 229, 487
What are the prime factors of 17689?
7, 19
What are the prime factors of 211452?
2, 3, 67, 263
List the prime factors of 33131.
7, 4733
List the prime factors of 1075315.
5, 215063
What are the prime factors of 876875?
5, 23, 61
What are the prime factors of 180296?
2, 31, 727
What are the prime factors of 489964?
2, 347, 353
List the prime factors of 129583.
101, 1283
List the prime factors of 2675231.
13, 73, 2819
What are the prime factors of 3461170?
2, 5, 346117
What are the prime factors of 75380?
2, 5, 3769
What are the prime factors of 902509?
29, 31121
What are the prime factors of 2736038?
2, 19, 89, 809
List the prime factors of 14026026.
2, 3, 7, 53, 6301
What are the prime factors of 434502?
2, 3, 101, 239
List the prime factors of 334203.
3, 17, 6553
List the prime factors of 540296.
2, 67537
What are the prime factors of 1467789?
3, 489263
What are the prime factors of 197006?
2, 137, 719
List the prime factors of 208831.
7, 29833
What are the prime factors of 487045?
5, 13, 59, 127
List the prime factors of 1786363.
1786363
List the prime factors of 30388043.
7, 83, 193, 271
What are the prime factors of 402162?
2